{"id":1204,"date":"2023-08-30T18:08:17","date_gmt":"2023-08-30T18:08:17","guid":{"rendered":"http:\/\/antik-linke.de\/?page_id=1204"},"modified":"2023-08-31T09:23:48","modified_gmt":"2023-08-31T09:23:48","slug":"elementor-1204","status":"publish","type":"page","link":"http:\/\/antik-linke.de\/?page_id=1204","title":{"rendered":"RESTAURIERUNG\u200b"},"content":{"rendered":"\t\t<div data-elementor-type=\"wp-page\" data-elementor-id=\"1204\" class=\"elementor elementor-1204\">\n\t\t\t\t\t\t<section class=\"elementor-section elementor-top-section elementor-element elementor-element-b11e967 elementor-section-boxed elementor-section-height-default elementor-section-height-default\" data-id=\"b11e967\" data-element_type=\"section\" data-e-type=\"section\">\n\t\t\t\t\t\t<div class=\"elementor-container elementor-column-gap-default\">\n\t\t\t\t\t<div class=\"elementor-column elementor-col-100 elementor-top-column elementor-element elementor-element-55597f6\" data-id=\"55597f6\" data-element_type=\"column\" data-e-type=\"column\">\n\t\t\t<div class=\"elementor-widget-wrap elementor-element-populated\">\n\t\t\t\t\t\t<div class=\"elementor-element elementor-element-eafc7a2 elementor-widget elementor-widget-heading\" data-id=\"eafc7a2\" data-element_type=\"widget\" data-e-type=\"widget\" data-widget_type=\"heading.default\">\n\t\t\t\t<div class=\"elementor-widget-container\">\n\t\t\t\t\t<h2 class=\"elementor-heading-title elementor-size-default\">RESTAURIERUNG<\/h2>\t\t\t\t<\/div>\n\t\t\t\t<\/div>\n\t\t\t\t\t<\/div>\n\t\t<\/div>\n\t\t\t\t\t<\/div>\n\t\t<\/section>\n\t\t\t\t<section class=\"elementor-section elementor-top-section elementor-element elementor-element-273c4f8 elementor-section-boxed elementor-section-height-default elementor-section-height-default\" data-id=\"273c4f8\" data-element_type=\"section\" data-e-type=\"section\">\n\t\t\t\t\t\t<div class=\"elementor-container elementor-column-gap-default\">\n\t\t\t\t\t<div class=\"elementor-column elementor-col-50 elementor-top-column elementor-element elementor-element-2acd682\" data-id=\"2acd682\" data-element_type=\"column\" data-e-type=\"column\">\n\t\t\t<div class=\"elementor-widget-wrap elementor-element-populated\">\n\t\t\t\t\t\t<div class=\"elementor-element elementor-element-a810107 elementor-widget elementor-widget-text-editor\" data-id=\"a810107\" data-element_type=\"widget\" data-e-type=\"widget\" data-widget_type=\"text-editor.default\">\n\t\t\t\t<div class=\"elementor-widget-container\">\n\t\t\t\t\t\t\t\t\t<p class=\"western\" style=\"line-height: 0.56cm; margin-right: 0.34cm; margin-bottom: 0.42cm;\"><span style=\"color: #404040;\"><span style=\"font-family: Century Gothic, serif;\"><span style=\"font-size: medium;\">An den meisten Antiquit\u00e4ten haben die Jahre Spuren der Alterung hinterlassen. In vielen F\u00e4llen haben der Befall mit Holzw\u00fcrmern und anderen Sch\u00e4dlingen, falsche Pflege oder auch eine nicht fachgerecht ausgef\u00fchrte Restaurierung negative Auswirkungen auf die Beschaffenheit und auch den Wert einer Antiquit\u00e4t. <\/span><\/span><\/span><\/p><p class=\"western\" style=\"line-height: 0.56cm; margin-right: 0.34cm; margin-bottom: 0.42cm;\"><span style=\"color: #404040;\"><span style=\"font-family: Century Gothic, serif;\"><span style=\"font-size: medium;\">In unserer Werkstatt befassen wir uns mit der fachgerechten Restauration von Antiquit\u00e4ten nach ausschlie\u00dflich traditionellen Techniken. In der eigenen Werkstatt legen wir besonderen Wert auf eine Oberfl\u00e4chenbehandlung, die dem Stil des M\u00f6belst\u00fcckes entspricht, wie z. B. die Handpolitur mit Schellack oder auch die Aufbereitung der Oberfl\u00e4che mit Wachsen oder \u00d6len. Auch besch\u00e4digte Intarsienarbeiten werden bei uns fachgerecht restauriert oder eine Sch\u00e4dlingsbek\u00e4mpfung durch Einsatz einer Thermokammer durchgef\u00fchrt. Dabei ist unser Ziel stets die Erhaltung des M\u00f6bels und die Wiederherstellung der Funktionalit\u00e4t.<\/span><\/span><\/span><\/p><p class=\"western\" style=\"font-weight: normal; line-height: 0.56cm; margin-bottom: 0.42cm;\"><span style=\"font-size: medium;\"><span style=\"color: #404040;\"><span style=\"font-family: Century Gothic, serif;\">Bei einer gew\u00fcnschten Polsterung und eines Neubezugs von Polsterm\u00f6beln arbeiten wir mit verschiedenen Polster-Werkst\u00e4tten zusammen, die notwendige Arbeiten von hoher Qualit\u00e4t durchf\u00fchren k\u00f6nnen. <\/span><\/span><\/span><\/p><p class=\"western\" style=\"line-height: 0.56cm; margin-right: 0.34cm; margin-bottom: 0.42cm;\"><span style=\"color: #404040;\"><span style=\"font-family: Century Gothic, serif;\"><span style=\"font-size: medium;\">Gerne beraten wir Sie \u00fcber die verschiedenen M\u00f6glichkeiten einer Restaurierung und erstellen auf Wunsch einen Kostenvoranschlag. Selbstverst\u00e4ndlich k\u00f6nnen Sie jede Phase bei der Restauration Ihres M\u00f6bels in unserer Werkstatt begutachten!<\/span><\/span><\/span><\/p>\t\t\t\t\t\t\t\t<\/div>\n\t\t\t\t<\/div>\n\t\t\t\t\t<\/div>\n\t\t<\/div>\n\t\t\t\t<div class=\"elementor-column elementor-col-50 elementor-top-column elementor-element elementor-element-c7436b6\" data-id=\"c7436b6\" data-element_type=\"column\" data-e-type=\"column\">\n\t\t\t<div class=\"elementor-widget-wrap elementor-element-populated\">\n\t\t\t\t\t\t<div class=\"elementor-element elementor-element-f63a3db elementor-arrows-position-inside elementor-pagination-position-outside elementor-widget elementor-widget-image-carousel\" data-id=\"f63a3db\" data-element_type=\"widget\" data-e-type=\"widget\" data-settings=\"{&quot;slides_to_show&quot;:&quot;1&quot;,&quot;navigation&quot;:&quot;both&quot;,&quot;autoplay&quot;:&quot;yes&quot;,&quot;pause_on_hover&quot;:&quot;yes&quot;,&quot;pause_on_interaction&quot;:&quot;yes&quot;,&quot;autoplay_speed&quot;:5000,&quot;infinite&quot;:&quot;yes&quot;,&quot;effect&quot;:&quot;slide&quot;,&quot;speed&quot;:500}\" data-widget_type=\"image-carousel.default\">\n\t\t\t\t<div class=\"elementor-widget-container\">\n\t\t\t\t\t\t\t<div class=\"elementor-image-carousel-wrapper swiper\" role=\"region\" aria-roledescription=\"carousel\" aria-label=\"Bild Karussell\" dir=\"ltr\">\n\t\t\t<div class=\"elementor-image-carousel swiper-wrapper\" aria-live=\"off\">\n\t\t\t\t\t\t\t\t<div class=\"swiper-slide\" role=\"group\" aria-roledescription=\"slide\" aria-label=\"1 von 4\"><figure class=\"swiper-slide-inner\"><img decoding=\"async\" class=\"swiper-slide-image\" src=\"http:\/\/antik-linke.de\/wp-content\/uploads\/2023\/08\/IMG_4470-rotated.jpg\" alt=\"IMG_4470\" \/><\/figure><\/div><div class=\"swiper-slide\" role=\"group\" aria-roledescription=\"slide\" aria-label=\"2 von 4\"><figure class=\"swiper-slide-inner\"><img decoding=\"async\" class=\"swiper-slide-image\" src=\"http:\/\/antik-linke.de\/wp-content\/uploads\/2023\/08\/IMG_4473.jpg\" alt=\"IMG_4473\" \/><\/figure><\/div><div class=\"swiper-slide\" role=\"group\" aria-roledescription=\"slide\" aria-label=\"3 von 4\"><figure class=\"swiper-slide-inner\"><img decoding=\"async\" class=\"swiper-slide-image\" src=\"http:\/\/antik-linke.de\/wp-content\/uploads\/2023\/08\/IMG_4475-rotated.jpg\" alt=\"IMG_4475\" \/><\/figure><\/div><div class=\"swiper-slide\" role=\"group\" aria-roledescription=\"slide\" aria-label=\"4 von 4\"><figure class=\"swiper-slide-inner\"><img decoding=\"async\" class=\"swiper-slide-image\" src=\"http:\/\/antik-linke.de\/wp-content\/uploads\/2023\/08\/IMG_4465.jpg\" alt=\"IMG_4465\" \/><\/figure><\/div>\t\t\t<\/div>\n\t\t\t\t\t\t\t\t\t\t\t\t<div class=\"elementor-swiper-button elementor-swiper-button-prev\" role=\"button\" tabindex=\"0\">\n\t\t\t\t\t\t<i aria-hidden=\"true\" class=\"eicon-chevron-left\"><\/i>\t\t\t\t\t<\/div>\n\t\t\t\t\t<div class=\"elementor-swiper-button elementor-swiper-button-next\" role=\"button\" tabindex=\"0\">\n\t\t\t\t\t\t<i aria-hidden=\"true\" class=\"eicon-chevron-right\"><\/i>\t\t\t\t\t<\/div>\n\t\t\t\t\n\t\t\t\t\t\t\t\t\t<div class=\"swiper-pagination\"><\/div>\n\t\t\t\t\t\t\t\t\t<\/div>\n\t\t\t\t\t\t<\/div>\n\t\t\t\t<\/div>\n\t\t\t\t\t<\/div>\n\t\t<\/div>\n\t\t\t\t\t<\/div>\n\t\t<\/section>\n\t\t\t\t<\/div>\n\t\t","protected":false},"excerpt":{"rendered":"<p>RESTAURIERUNG An den meisten Antiquit\u00e4ten haben die Jahre Spuren der Alterung hinterlassen. In vielen F\u00e4llen haben der Befall mit Holzw\u00fcrmern und anderen Sch\u00e4dlingen, falsche Pflege oder auch eine nicht fachgerecht ausgef\u00fchrte Restaurierung negative Auswirkungen auf die Beschaffenheit und auch den Wert einer Antiquit\u00e4t. In unserer Werkstatt befassen wir uns mit der fachgerechten Restauration von Antiquit\u00e4ten [&hellip;]<\/p>\n","protected":false},"author":1,"featured_media":0,"parent":0,"menu_order":0,"comment_status":"closed","ping_status":"closed","template":"","meta":{"site-sidebar-layout":"no-sidebar","site-content-layout":"page-builder","ast-site-content-layout":"full-width-container","site-content-style":"unboxed","site-sidebar-style":"unboxed","ast-global-header-display":"","ast-banner-title-visibility":"","ast-main-header-display":"","ast-hfb-above-header-display":"","ast-hfb-below-header-display":"","ast-hfb-mobile-header-display":"","site-post-title":"disabled","ast-breadcrumbs-content":"","ast-featured-img":"disabled","footer-sml-layout":"","ast-disable-related-posts":"","theme-transparent-header-meta":"default","adv-header-id-meta":"","stick-header-meta":"","header-above-stick-meta":"","header-main-stick-meta":"","header-below-stick-meta":"","astra-migrate-meta-layouts":"set","ast-page-background-enabled":"default","ast-page-background-meta":{"desktop":{"background-color":"","background-image":"","background-repeat":"repeat","background-position":"center center","background-size":"auto","background-attachment":"scroll","background-type":"","background-media":"","overlay-type":"","overlay-color":"","overlay-opacity":"","overlay-gradient":""},"tablet":{"background-color":"","background-image":"","background-repeat":"repeat","background-position":"center center","background-size":"auto","background-attachment":"scroll","background-type":"","background-media":"","overlay-type":"","overlay-color":"","overlay-opacity":"","overlay-gradient":""},"mobile":{"background-color":"","background-image":"","background-repeat":"repeat","background-position":"center center","background-size":"auto","background-attachment":"scroll","background-type":"","background-media":"","overlay-type":"","overlay-color":"","overlay-opacity":"","overlay-gradient":""}},"ast-content-background-meta":{"desktop":{"background-color":"var(--ast-global-color-5)","background-image":"","background-repeat":"repeat","background-position":"center center","background-size":"auto","background-attachment":"scroll","background-type":"","background-media":"","overlay-type":"","overlay-color":"","overlay-opacity":"","overlay-gradient":""},"tablet":{"background-color":"var(--ast-global-color-5)","background-image":"","background-repeat":"repeat","background-position":"center center","background-size":"auto","background-attachment":"scroll","background-type":"","background-media":"","overlay-type":"","overlay-color":"","overlay-opacity":"","overlay-gradient":""},"mobile":{"background-color":"var(--ast-global-color-5)","background-image":"","background-repeat":"repeat","background-position":"center center","background-size":"auto","background-attachment":"scroll","background-type":"","background-media":"","overlay-type":"","overlay-color":"","overlay-opacity":"","overlay-gradient":""}},"footnotes":""},"class_list":["post-1204","page","type-page","status-publish","hentry"],"_links":{"self":[{"href":"http:\/\/antik-linke.de\/index.php?rest_route=\/wp\/v2\/pages\/1204","targetHints":{"allow":["GET"]}}],"collection":[{"href":"http:\/\/antik-linke.de\/index.php?rest_route=\/wp\/v2\/pages"}],"about":[{"href":"http:\/\/antik-linke.de\/index.php?rest_route=\/wp\/v2\/types\/page"}],"author":[{"embeddable":true,"href":"http:\/\/antik-linke.de\/index.php?rest_route=\/wp\/v2\/users\/1"}],"replies":[{"embeddable":true,"href":"http:\/\/antik-linke.de\/index.php?rest_route=%2Fwp%2Fv2%2Fcomments&post=1204"}],"version-history":[{"count":47,"href":"http:\/\/antik-linke.de\/index.php?rest_route=\/wp\/v2\/pages\/1204\/revisions"}],"predecessor-version":[{"id":1628,"href":"http:\/\/antik-linke.de\/index.php?rest_route=\/wp\/v2\/pages\/1204\/revisions\/1628"}],"wp:attachment":[{"href":"http:\/\/antik-linke.de\/index.php?rest_route=%2Fwp%2Fv2%2Fmedia&parent=1204"}],"curies":[{"name":"wp","href":"https:\/\/api.w.org\/{rel}","templated":true}]}}